late j(-10).
-2
Let h(r) = 9015*r - 18034. Give h(2).
-4
Let o(n) = -16*n**3 - n**2 + 5*n - 14. What is o(2)?
-136
Let p(z) = -209*z - 1456. Determine p(-7).
7
Let k(q) = -1366*q + 98354. Determine k(72).
2
Let p(k) = 34*k - 568. What is p(15)?
-58
Let l(s) = 3*s**3 - 23*s**2 - 223*s + 1661. Give l(7).
2
Let d(t) = t**2 + 44*t + 109. What is d(-36)?
-179
Let w(u) = -u**3 - 94*u**2 - 6*u - 534. Determine w(-94).
30
Let g(c) = -276*c + 158. Give g(3).
-670
Let w(a) = 10*a**3 + 2*a**2 + 7*a + 12. Calculate w(-3).
-261
Let h(w) = -3*w**3 + 3*w**2 + 3*w - 4. Determine h(-2).
26
Let f(d) = -d**3 + 97*d**2 - 513*d + 4918. Calculate f(92).
42
Let s(b) = 2*b + 534. Calculate s(8).
550
Let b(q) = -q**3 - q**2 - 39*q + 105. Determine b(3).
-48
Let a(z) = -z**2 + 2794*z - 5584. What is a(2)?
0
Let w(y) = -y**3 - 125*y**2 - 284*y - 4671. Give w(-123).
3
Let q(v) = v**3 + 41*v**2 - 186*v - 321. Calculate q(-45).
-51
Let u(c) = -2*c**2 - 15*c + 52. Give u(-9).
25
Let h(b) = -b**3 - 17*b**2 + 68*b - 74. Determine h(-20).
-234
Let c(r) = 59*r + 6262. Determine c(-106).
8
Let z(v) = v**2 + 69*v - 9. Give z(-69).
-9
Let w(r) = -102*r - 6712. Calculate w(-66).
20
Let w(a) = -a**2 + 66*a - 389. Give w(7).
24
Let l(g) = 3*g**2 + 142*g - 10. Give l(-46).
-194
Let p(o) = 32*o**2 - 267*o - 184. Give p(9).
5
Let x(y) = -39*y**2 + 655*y + 34. Calculate x(16).
530
Let b(s) = -s**3 + 30*s**2 + 101*s - 147. Calculate b(33).
-81
Let k(m) = -282*m - 15779. What is k(-56)?
13
Let u(w) = -3*w**3 + 18*w**2 + 4*w - 19. Determine u(6).
5
Let w(s) = -5*s**3 + 35*s**2 - 18*s + 39. Calculate w(7).
-87
Let r(t) = -2*t**3 - 15*t**2 - 20*t - 7. Give r(-7).
84
Let c(l) = 2*l - 58. Give c(46).
34
Let l(v) = v**3 + 13*v**2 + 438*v + 6304. Calculate l(-14).
-24
Let x(y) = 12*y + 202. What is x(-33)?
-194
Let a(u) = -8*u**2 + 18*u - 21. Determine a(0).
-21
Let w(g) = -2*g**2 - 22*g + 91. What is w(-13)?
39
Let j(u) = -2*u**3 + 102*u**2 + 115*u - 588. Calculate j(52).
-16
Let d(p) = 7*p**2 + 97*p - 14. Determine d(-14).
0
Let t(o) = 1681*o - 186588. Determine t(111).
3
Let x(p) = 94*p - 113. Calculate x(5).
357
Let f(x) = x**3 - 23*x**2 + 130*x - 1. What is f(14)?
55
Let x(d) = d**3 + 8*d**2 - 15*d - 37. Give x(-8).
83
Let t(m) = -4*m**3 + 4*m**2 - 23*m + 117. Calculate t(4).
-167
Let t(k) = k**3 - 2*k**2 + 8*k - 51. Give t(4).
13
Let g(h) = 163*h**2 + 8623*h - 847. Calculate g(-53).
1
Let j(u) = -51*u - 1640. Determine j(-32).
-8
Let l(b) = b**3 + 157*b**2 + 2969*b - 15. What is l(-22)?
7
Let n(x) = -x**3 + 9*x**2 - 9*x - 9. Give n(6).
45
Let p(z) = -4*z**3 + 21*z**2 - 32*z - 156. Calculate p(-2).
24
Let a(g) = 71*g - 915. Give a(9).
-276
Let v(s) = -2937*s - 14676. Calculate v(-5).
9
Let o(u) = 29*u**2 + 18*u + 22. Calculate o(-3).
229
Let b(u) = -u**3 - u**2 + 4*u + 9. Determine b(-3).
15
Let v(u) = 2*u**3 + 175*u**2 + 594*u + 503. Determine v(-84).
-1
Let c(w) = w**2 + 25*w + 110. What is c(-14)?
-44
Let z(f) = -104*f + 167. Calculate z(2).
-41
Let n(q) = q**3 - 8*q**2 - 36*q + 227. Calculate n(9).
-16
Let z(h) = -105*h + 424. Give z(2).
214
Let b(c) = 42*c + 289. Determine b(-9).
-89
Let q(p) = -30*p + 4137. What is q(138)?
-3
Let j(b) = -2*b**3 - 3*b**2 - 23*b + 221. Determine j(8).
-1179
Let z(a) = -202*a - 1425. Calculate z(-7).
-11
Let o(y) = y**3 - 17*y**2 - 332. Give o(18).
-8
Let f(w) = -15*w - 105. Calculate f(-7).
0
Let w(n) = 4*n**2 - 4*n + 12. What is w(4)?
60
Let m(y) = -y**2 - 17*y - 43. What is m(0)?
-43
Let q(h) = 25*h**2 - 685*h + 1497. Give q(25).
-3
Let d(y) = -3*y**2 - y - 43. Give d(-9).
-277
Let r(k) = 3*k**3 + 430*k**2 + 568*k - 9. Determine r(-142).
-9
Let r(k) = k**3 + 4*k**2 - 19*k - 45. Calculate r(-2).
1
Let d(i) = i**3 - 3*i**2 + 6*i - 37. Calculate d(5).
43
Let i(c) = -c**2 - 17*c + 68. Determine i(3).
8
Let v(l) = 12*l**3 + 6*l**2 + 2*l - 8. Determine v(-3).
-284
Let q(u) = u**3 + 8*u**2 - 26*u - 231. What is q(-8)?
-23
Let h(n) = -465*n - 1074. Give h(-3).
321
Let h(o) = 8*o**2 - 65*o + 52. What is h(7)?
-11
Let f(v) = -2*v**3 - 32*v**2 + 65*v + 2. Give f(-18).
128
Let p(g) = -14364*g + 28723. Give p(2).
-5
Let d(g) = 38*g + 129. Give d(-10).
-251
Let j(x) = 3*x**3 - 8*x**2 - 3*x + 4. Determine j(-2).
-46
Let b(l) = -12*l - 315. Determine b(-26).
-3
Let z(g) = 3*g**2 - 196*g + 3037. Determine z(38).
-79
Let u(r) = -102*r - 2625. Determine u(-26).
27
Let u(v) = -v**3 - 5*v**2 + 6*v - 14. Determine u(-8).
130
Let b(a) = 17*a + 294. What is b(-22)?
-80
Let i(u) = u**2 + 56*u. Give i(-56).
0
Let d(h) = -41*h + 266. What is d(12)?
-226
Let q(p) = -12*p**3 - 5*p**2 - 99*p + 2. Give q(0).
2
Let q(r) = -r**3 - 3*r**2 + 105*r + 351. Give q(-10).
1
Let y(j) = 574*j - 2284. Determine y(4).
12
Let r(i) = 3*i + 253. Give r(-17).
202
Let i(s) = 556*s + 1117. Give i(-2).
5
Let w(o) = -194*o - 2538. What is w(-13)?
-16
Let f(m) = -3*m**3 + 468*m**2 + 72*m - 11232. Calculate f(156).
0
Let w(r) = -3*r**2 - 15*r + 469. Calculate w(11).
-59
Let r(a) = 2*a**2 + 1950*a + 40057. Determine r(-21).
-11
Let i(g) = g**3 - 8*g**2 + 27*g - 10. Determine i(5).
50
Let u(g) = -3*g**3 - 29*g**2 - 15*g + 4. Give u(-10).
254
Let v(w) = -w**2 + 16*w + 150. Determine v(18).
114
Let l(d) = d**3 + 78*d**2 + 1128*d + 422. Give l(-59).
9
Let s(k) = -3*k**2 - 24*k + 22. Calculate s(-6).
58
Let b(s) = -2*s**2 - 33*s + 347. What is b(-24)?
-13
Let x(a) = 3*a**2 + 33*a + 55. Calculate x(-11).
55
Let c(u) = -2*u**3 - 23*u**2 + 165*u - 362. Give c(-17).
12
Let m(w) = -4*w**2 + 17*w - 7. Calculate m(7).
-84
Let l(q) = 6*q**3 + 65*q**2 - 257*q + 134. What is l(-14)?
8
Let h(a) = a**3 - 48*a**2 - 48*a - 26. What is h(49)?
23
Let k(s) = 152*s - 2426. Calculate k(16).
6
Let g(f) = -17*f - 481. What is g(-26)?
-39
Let k(g) = -22*g**3 - 3*g**2 - 8*g + 8. Calculate k(1).
-25
Let l(p) = 6191*p + 18576. Determine l(-3).
3
Let h(v) = -v**2 + 21*v - 135. Calculate h(5).
-55
Let w(x) = -x**3 + x**2 - 68*x + 517. Calculate w(7).
-253
Let s(o) = 6*o**3 + 114*o**2 + 2*o + 52. Determine s(-19).
14
Let f(u) = 19*u + 79. Give f(7).
212
Let h(f) = f**3 + 19*f**2 - 177*f - 27. Give h(-26).
-157
Let i(c) = -2*c**3 + 6*c**2 + 7*c - 6. Calculate i(5).
-71
Let c(q) = 2*q + 10. Give c(7).
24
Let t(v) = -743*v + 20842. Give t(28).
38
Let d(f) = 3*f - 82. Calculate d(-15).
-127
Let g(k) = -204*k - 1421. Give g(-7).
7
Let g(c) = -9*c**2 + 2*c - 11. Calculate g(1).
-18
Let k(p) = 4*p**2 + 5*p + 8. What is k(-8)?
224
Let t(v) = 23*v - 42. Give t(-16).
-410
Let p(w) = 83*w**3 + w**2 + w - 2. Give p(1).
83
Let i(b) = 3*b**2 - 38*b - 48. What is i(13)?
-35
Let q(p) = p**3 + 81*p**2 + 374*p - 457. Determine q(-76).
-1
Let x(j) = -4*j**2 + 275*j + 343. What is x(70)?
-7
Let i(s) = -2*s - 3. Give i(-47).
91
Let a(s) = 28*s**3 + s**2 - 11*s - 10. Give a(-1).
-26
Let r(g) = -57*g + 227. Calculate r(2).
113
Let n(l) = 597*l - 26310. Determine n(44).
-42
Let w(p) = 2*p**2 + p - 5. What is w(9)?
166
Let y(v) = -212*v - 15698. Give y(-74).
-10
Let p(o) = o**3 + 11*o**2 + 8*o + 42. What is p(-11)?
-46
Let p(n) = -6*n**2 - 605*n + 121. Give p(-101).
20
Let a(v) = 19*v + 40. What is a(-20)?
-340
Let i(h) = -2*h**2 + 13*h - 38. Determine i(9).
-83
Let i(l) = -3*l - 9. Determine i(-18).
45
Let p(b) = -b**2 - 60*b + 1112. Calculate p(-75).
-13
Let s(o) = 6*o**2 - 72*o + 301. Calculate s(5).
91
Let q(k) = -1485*k - 209387. Calculate q(-141).
-2
Let v(d) = -9*d**3 - 161*d**2 + 15*d - 26. Calculate v(-18).
28
Let k(g) = -111*g - 1081. Calculate k(-9).
-82
Let b(d) = -d**2 - 16*d + 2843. Determine b(46).
-9
Let g(h) = -50*h + 172. Determine g(4).
-28
Let i(c) = -61*c + 1149. Give i(19).
-10
Let l(n) = 2*n**2 - 30*n + 154. Calculate l(16).
186
Let c(k) = -k**3 - 25*k**2 - 39*k + 62. Calculate c(-24).
422
Let f(d) = -d**2 - 21*d + 168. Determine f(-26).
38
Let q(y) = y**3 - 21*y**2 + 35*y + 5. Calculate q(20).
305
Let o(a) = 101*a + 513. Give o(-5).
8
Let n(p) = -2082*p - 8. Determine n(0).
-8
Let v(n) = -67*n**2 + 28610*n - 433. What is v(427)?
-6
Let x(g) = -25*g + 114. Determine x(12).
-186
Let j(i) = 2*i**3 - 8*i**2 - 23. Calculate j(5).
27
Let i(j) = 169*j**3 + 3*j - 5. What is i(1)?
167
Let r(d) = -d**3 + 107*d**2 - 1052*d - 401. Determine r(96).
-17
Let y(v) = -72*v + 130. Give y(2).
-14
Let d(c) = c**2 + 8*c - 257. Calculate d(13).
16
Let f(a)